eds digit of 1915?
9
What is the units digit of 2124?
4
What is the hundreds digit of 24099?
0
What is the thousands digit of 10159?
0
What is the tens digit of 1691?
9
What is the hundreds digit of 361?
3
What is the tens digit of 767?
6
What is the thousands digit of 1724?
1
What is the units digit of 74?
4
What is the units digit of 1498?
8
What is the hundreds digit of 602?
6
What is the hundreds digit of 33344?
3
What is the tens digit of 28983?
8
What is the ten thousands digit of 45658?
4
What is the tens digit of 3098?
9
What is the ten thousands digit of 10450?
1
What is the hundreds digit of 18756?
7
What is the tens digit of 3662?
6
What is the tens digit of 708?
0
What is the thousands digit of 26537?
6
What is the units digit of 3827?
7
What is the thousands digit of 4422?
4
What is the units digit of 37683?
3
What is the units digit of 14?
4
What is the tens digit of 14422?
2
What is the hundreds digit of 502?
5
What is the ten thousands digit of 14300?
1
What is the thousands digit of 22510?
2
What is the thousands digit of 1211?
1
What is the hundreds digit of 697?
6
What is the units digit of 7?
7
What is the tens digit of 35492?
9
What is the ten thousands digit of 75616?
7
What is the thousands digit of 2208?
2
What is the ten thousands digit of 80752?
8
What is the hundreds digit of 141201?
2
What is the hundreds digit of 74447?
4
What is the units digit of 71?
1
What is the hundreds digit of 125?
1
What is the tens digit of 10520?
2
What is the hundreds digit of 536?
5
What is the thousands digit of 68677?
8
What is the thousands digit of 1354?
1
What is the units digit of 33849?
9
What is the thousands digit of 6348?
6
What is the thousands digit of 15894?
5
What is the units digit of 2153?
3
What is the tens digit of 1338?
3
What is the units digit of 22083?
3
What is the tens digit of 28578?
7
What is the ten thousands digit of 15975?
1
What is the hundreds digit of 1132?
1
What is the hundreds digit of 98648?
6
What is the thousands digit of 17350?
7
What is the units digit of 1567?
7
What is the ten thousands digit of 15519?
1
What is the hundreds digit of 1514?
5
What is the units digit of 46145?
5
What is the ten thousands digit of 185953?
8
What is the hundreds digit of 1024?
0
What is the thousands digit of 3037?
3
What is the hundreds digit of 2400?
4
What is the tens digit of 410?
1
What is the ten thousands digit of 20844?
2
What is the units digit of 12201?
1
What is the ten thousands digit of 17643?
1
What is the units digit of 63761?
1
What is the hundreds digit of 754?
7
What is the units digit of 3086?
6
What is the tens digit of 3404?
0
What is the thousands digit of 1347?
1
What is the thousands digit of 3896?
3
What is the hundreds digit of 31480?
4
What is the hundreds digit of 14027?
0
What is the tens digit of 3521?
2
What is the tens digit of 2131?
3
What is the tens digit of 25581?
8
What is the hundreds digit of 7864?
8
What is the thousands digit of 7325?
7
What is the hundreds digit of 52734?
7
What is the thousands digit of 1393?
1
What is the units digit of 241?
1
What is the tens digit of 4037?
3
What is the units digit of 12802?
2
What is the units digit of 2324?
4
What is the units digit of 3996?
6
What is the hundreds digit of 22630?
6
What is the hundreds digit of 4819?
8
What is the tens digit of 2059?
5
What is the tens digit of 6050?
5
What is the hundreds digit of 15720?
7
What is the ten thousands digit of 41880?
4
What is the units digit of 7233?
3
What is the tens digit of 8108?
0
What is the hundreds digit of 2222?
2
What is the thousands digit of 3875?
3
What is the tens digit of 27337?
3
What is the hundreds digit of 1938?
9
What is the hundreds digit of 7177?
1
What is the hundreds digit of 4030?
0
What is the tens digit of 2434?
3
What is the tens digit of 240?
4
What is the hundreds digit of 9067?
0
What is the thousands digit of 1854?
1
What is the thousands digit of 1637?
1
What is the ten thousands digit of 11544?
1
What is the units digit of 7952?
2
What is the units digit of 1220?
0
What is the units digit of 2164?
4
What is the tens digit of 35030?
3
What is the units digit of 1184?
4
What is the tens digit of 38054?
5
What is the thousands digit of 2465?
2
What is the thousands digit of 17011?
7
What is the hundreds digit of 51555?
5
What is the thousands digit of 2926?
2
What is the tens digit of 6215?
1
What is the hundreds digit of 951?
9
What is the units digit of 5771?
1
What is the units digit of 12?
2
What is the units digit of 7559?
9
What is the units digit of 53?
3
What is the tens digit of 9555?
5
What is the thousands digit of 6465?
6
What is the units digit of 90108?
8
What is the hundreds digit of 4628?
6
What is the thousands digit of 5823?
5
What is the thousands digit of 2248?
2
What is the thousands digit of 4930?
4
What is the thousands digit of 5196?
5
What is the hundreds digit of 544?
5
What is the tens digit of 3805?
0
What is the hundreds digit of 2833?
8
What is the thousands digit of 1007?
1
What is the units digit of 3298?
8
What is the tens digit of 3716?
1
What is the units digit of 984?
4
What is the ten thousands digit of 139628?
3
What is the units digit of 19777?
7
What is the hundreds digit of 6636?
6
What is the thousands digit of 62942?
2
What is the units digit of 3101?
1
What is the thousands digit of 33042?
3
What is the units digit of 11223?
3
What is the units digit of 7423?
3
What is the units digit of 72602?
2
What is the tens digit of 953?
5
What is the tens digit of 13078?
7
What is the tens digit of 513?
1
What is the hundreds digit of 913?
9
What is the tens digit of 60418?
1
What is the ten thousands digit of 54373?
5
What is the thousands digit of 2449?
2
What is the ten thousands digit of 14023?
1
What is the tens digit of 79591?
9
What is the tens digit of 251?
5
What is the hundreds digit of 99709?
7
What is the thousands digit of 12835?
2
What is the hundreds digit of 25120?
1
What is the tens digit of 4661?
6
What is the units digit of 105385?
5
What is the ten thousands digit of 22196?
2
What is the thousands digit of 51589?
1
What is the units digit of 894?
4
What is the tens digit of 715?
1
What is the units digit of 549?
9
What is the units digit of 4230?
0
What is the tens digit of 8071?
7
What is the tens digit of 27307?
0
What is the thousands digit of 8556?
8
What is the thousands digit of 8293?
8
What is the hundreds digit of 4881?
8
What is the hundreds digit of 85962?
9
What is the tens digit of 5933?
3
What is the units digit of 38122?
2
What is the tens digit of 10639?
3
What is the tens digit of 22184?
8
What is the ten thousands digit of 11597?
1
What is the tens digit of 37497?
9
What is the hundreds digit of 62290?
2
What is the thousands digit of 8395?
8
What is the thousands digit of 3273?
3
What is the tens digit of 5698?
9
What is the tens digit of 760?
6
What is the hundreds digit of 19280?
2
What is the units digit of 5719?
9
What is the units digit of 959?
9
What is the ten thousands digit of 41270?
4
What is the ten thousands digit of 15031?
1
What is the thousands digit of 2388?
2
What is the tens digit of 272?
7
What is the tens digit of 19593?
9
What is the hundreds digit of 157031?
0
What is the tens digit of 1362?
6
What is the ten thousands digit of 67611?
6
What is the tens digit of 23047?
4
What is the units digit of 713?
3
What is the tens digit of 976?
7
What is the tens digit of 3202?
0
What is the units digit of 51524?
4
What is the units digit of 410?
0
What is the tens digit of 1643?
4
What is the tens digit of 3621?
2
What is the tens digit of 57224?
2
What is the units digit of 34751?
1
What is the tens digit of 764?
6
What is the hundreds digit of 4071?
0
What is the units digit of 8768?
8
What is the units digit of 74484?
4
What is the thousands digit of 4234?
4
What is the ten thousands digit of 37871?
3
What is the hundreds digit of 1093?
0
What is the hundreds digit of 81358?
3
What is the thousands digit of 7702?
7
What is the ten thousands digit of 34282?
3
What is the hundreds digit of 5386?
3
What is the hundreds digit of 8386?
3
What is the ten thousands digit of 23569?
2
What is the thousands digit of 5380?
5
What is the units digit of 17831?
1
What is the uni